{"id":3593,"date":"2026-04-28T13:57:39","date_gmt":"2026-04-28T11:57:39","guid":{"rendered":"https:\/\/www.tourisme-haut-vallespir.com\/agenda\/?post_type=tribe_events&#038;p=3593"},"modified":"2026-04-28T13:57:39","modified_gmt":"2026-04-28T11:57:39","slug":"presentation-et-dedicace","status":"publish","type":"tribe_events","link":"https:\/\/www.tourisme-haut-vallespir.com\/agenda\/evenement\/presentation-et-dedicace\/","title":{"rendered":"PRESENTATION ET DEDICACE"},"content":{"rendered":"<h2 dir=\"auto\"><img loading=\"lazy\" decoding=\"async\" class=\"alignnone size-medium wp-image-3390\" src=\"http:\/\/www.tourisme-haut-vallespir.com\/agenda\/wp-content\/uploads\/2026\/03\/ulleo-a-book-1945459_1920-300x200.jpg\" alt=\"\" width=\"300\" height=\"200\" srcset=\"https:\/\/www.tourisme-haut-vallespir.com\/agenda\/wp-content\/uploads\/2026\/03\/ulleo-a-book-1945459_1920-300x200.jpg 300w, https:\/\/www.tourisme-haut-vallespir.com\/agenda\/wp-content\/uploads\/2026\/03\/ulleo-a-book-1945459_1920-1024x683.jpg 1024w, https:\/\/www.tourisme-haut-vallespir.com\/agenda\/wp-content\/uploads\/2026\/03\/ulleo-a-book-1945459_1920-768x512.jpg 768w, https:\/\/www.tourisme-haut-vallespir.com\/agenda\/wp-content\/uploads\/2026\/03\/ulleo-a-book-1945459_1920-1536x1024.jpg 1536w, https:\/\/www.tourisme-haut-vallespir.com\/agenda\/wp-content\/uploads\/2026\/03\/ulleo-a-book-1945459_1920.jpg 1920w\" sizes=\"auto, (max-width: 300px) 100vw, 300px\" \/><\/h2>\n<h2 dir=\"auto\">Vendredi 29 mai \u00e0 18h<\/h2>\n<h2 dir=\"auto\">Pr\u00e9sentation et d\u00e9dicace par Francis Manent de son livre \u00ab\u00a0Les plantes sauvages dans la tradition catalane\u00a0\u00bb paru aux \u00e9ditions Trabucayre En pr\u00e9sence de Camille, Librairie Lire \u00e0 <span class=\"html-span xdj266r x14z9mp xat24cr x1lziwak xexx8yu xyri2b x18d9i69 x1c1uobl x1hl2dhg x16tdsg8 x1vvkbs\"><a class=\"x1i10hfl xjbqb8w x1ejq31n x18oe1m7 x1sy0etr xstzfhl x972fbf x10w94by x1qhh985 x14e42zd x9f619 x1ypdohk xt0psk2 x3ct3a4 xdj266r x14z9mp xat24cr x1lziwak xexx8yu xyri2b x18d9i69 x1c1uobl x16tdsg8 x1hl2dhg xggy1nq x1a2a7pz xkrqix3 x1sur9pj x1fey0fg x1s688f\" tabindex=\"0\" role=\"link\" href=\"https:\/\/www.facebook.com\/profile.php?id=61578722523911&amp;__cft__[0]=AZZ9_JT51GhX0sp_cxTbNopJXx_StSemA70MKOESUPu8YfJ0VOU0iJLPLI26BqeTUKYKfur1_zPwnTTSib4Vhbhw_cm20c_Lo6RlVogwhG7urykGE8JiBIW1TSQ3egzIzke-ZDrVRqYb0n9eVefz8GwMYa56OtdvVLo4nbEzhpkwOonGomSesPgHw0yPx4kQsUA&amp;__tn__=-]K-R\"><span class=\"xt0psk2\"><span class=\"xjp7ctv\">Lire \u00e0 l&rsquo;Os<\/span><\/span><\/a><\/span>, \u00e0 la m\u00e9diath\u00e8que intercommunale Jean Soler.<\/h2>\n","protected":false},"excerpt":{"rendered":"<p>Vendredi 29 mai \u00e0 18h Pr\u00e9sentation et d\u00e9dicace par Francis Manent de son livre \u00ab\u00a0Les plantes sauvages dans la tradition catalane\u00a0\u00bb paru aux \u00e9ditions Trabucayre En pr\u00e9sence de Camille, Librairie [&hellip;]<\/p>\n","protected":false},"author":3,"featured_media":3390,"template":"","meta":{"site-sidebar-layout":"default","site-content-layout":"","ast-site-content-layout":"default","site-content-style":"default","site-sidebar-style":"default","ast-global-header-display":"","ast-banner-title-visibility":"","ast-main-header-display":"","ast-hfb-above-header-display":"","ast-hfb-below-header-display":"","ast-hfb-mobile-header-display":"","site-post-title":"","ast-breadcrumbs-content":"","ast-featured-img":"","footer-sml-layout":"","ast-disable-related-posts":"","theme-transparent-header-meta":"default","adv-header-id-meta":"","stick-header-meta":"","header-above-stick-meta":"","header-main-stick-meta":"","header-below-stick-meta":"","astra-migrate-meta-layouts":"set","ast-page-background-enabled":"default","ast-page-background-meta":{"desktop":{"background-color":"var(--ast-global-color-4)","background-image":"","background-repeat":"repeat","background-position":"center center","background-size":"auto","background-attachment":"scroll","background-type":"","background-media":"","overlay-type":"","overlay-color":"","overlay-opacity":"","overlay-gradient":""},"tablet":{"background-color":"","background-image":"","background-repeat":"repeat","background-position":"center center","background-size":"auto","background-attachment":"scroll","background-type":"","background-media":"","overlay-type":"","overlay-color":"","overlay-opacity":"","overlay-gradient":""},"mobile":{"background-color":"","background-image":"","background-repeat":"repeat","background-position":"center center","background-size":"auto","background-attachment":"scroll","background-type":"","background-media":"","overlay-type":"","overlay-color":"","overlay-opacity":"","overlay-gradient":""}},"ast-content-background-meta":{"desktop":{"background-color":"var(--ast-global-color-5)","background-image":"","background-repeat":"repeat","background-position":"center center","background-size":"auto","background-attachment":"scroll","background-type":"","background-media":"","overlay-type":"","overlay-color":"","overlay-opacity":"","overlay-gradient":""},"tablet":{"background-color":"var(--ast-global-color-5)","background-image":"","background-repeat":"repeat","background-position":"center center","background-size":"auto","background-attachment":"scroll","background-type":"","background-media":"","overlay-type":"","overlay-color":"","overlay-opacity":"","overlay-gradient":""},"mobile":{"background-color":"var(--ast-global-color-5)","background-image":"","background-repeat":"repeat","background-position":"center center","background-size":"auto","background-attachment":"scroll","background-type":"","background-media":"","overlay-type":"","overlay-color":"","overlay-opacity":"","overlay-gradient":""}},"_tribe_events_status":"","_tribe_events_status_reason":"","footnotes":""},"tags":[],"tribe_events_cat":[46],"class_list":["post-3593","tribe_events","type-tribe_events","status-publish","has-post-thumbnail","hentry","tribe_events_cat-culturelle","cat_culturelle"],"_links":{"self":[{"href":"https:\/\/www.tourisme-haut-vallespir.com\/agenda\/wp-json\/wp\/v2\/tribe_events\/3593","targetHints":{"allow":["GET"]}}],"collection":[{"href":"https:\/\/www.tourisme-haut-vallespir.com\/agenda\/wp-json\/wp\/v2\/tribe_events"}],"about":[{"href":"https:\/\/www.tourisme-haut-vallespir.com\/agenda\/wp-json\/wp\/v2\/types\/tribe_events"}],"author":[{"embeddable":true,"href":"https:\/\/www.tourisme-haut-vallespir.com\/agenda\/wp-json\/wp\/v2\/users\/3"}],"version-history":[{"count":1,"href":"https:\/\/www.tourisme-haut-vallespir.com\/agenda\/wp-json\/wp\/v2\/tribe_events\/3593\/revisions"}],"predecessor-version":[{"id":3594,"href":"https:\/\/www.tourisme-haut-vallespir.com\/agenda\/wp-json\/wp\/v2\/tribe_events\/3593\/revisions\/3594"}],"wp:featuredmedia":[{"embeddable":true,"href":"https:\/\/www.tourisme-haut-vallespir.com\/agenda\/wp-json\/wp\/v2\/media\/3390"}],"wp:attachment":[{"href":"https:\/\/www.tourisme-haut-vallespir.com\/agenda\/wp-json\/wp\/v2\/media?parent=3593"}],"wp:term":[{"taxonomy":"post_tag","embeddable":true,"href":"https:\/\/www.tourisme-haut-vallespir.com\/agenda\/wp-json\/wp\/v2\/tags?post=3593"},{"taxonomy":"tribe_events_cat","embeddable":true,"href":"https:\/\/www.tourisme-haut-vallespir.com\/agenda\/wp-json\/wp\/v2\/tribe_events_cat?post=3593"}],"curies":[{"name":"wp","href":"https:\/\/api.w.org\/{rel}","templated":true}]}}

<h2 dir="auto"><img loading="lazy" decoding="async" class="alignnone size-medium wp-image-3390" src="http://www.tourisme-haut-vallespir.com/agenda/wp-content/uploads/2026/03/ulleo-a-book-1945459_1920-300x200.jpg" alt="" width="300" height="200" srcset="https://www.tourisme-haut-vallespir.com/agenda/wp-content/uploads/2026/03/ulleo-a-book-1945459_1920-300x200.jpg 300w, https://www.tourisme-haut-vallespir.com/agenda/wp-content/uploads/2026/03/ulleo-a-book-1945459_1920-1024x683.jpg 1024w, https://www.tourisme-haut-vallespir.com/agenda/wp-content/uploads/2026/03/ulleo-a-book-1945459_1920-768x512.jpg 768w, https://www.tourisme-haut-vallespir.com/agenda/wp-content/uploads/2026/03/ulleo-a-book-1945459_1920-1536x1024.jpg 1536w, https://www.tourisme-haut-vallespir.com/agenda/wp-content/uploads/2026/03/ulleo-a-book-1945459_1920.jpg 1920w" sizes="auto, (max-width: 300px) 100vw, 300px" /></h2>
<h2 dir="auto">Vendredi 29 mai à 18h</h2>
<h2 dir="auto">Présentation et dédicace par Francis Manent de son livre « Les plantes sauvages dans la tradition catalane » paru aux éditions Trabucayre En présence de Camille, Librairie Lire à <span class="html-span xdj266r x14z9mp xat24cr x1lziwak xexx8yu xyri2b x18d9i69 x1c1uobl x1hl2dhg x16tdsg8 x1vvkbs"><a class="x1i10hfl xjbqb8w x1ejq31n x18oe1m7 x1sy0etr xstzfhl x972fbf x10w94by x1qhh985 x14e42zd x9f619 x1ypdohk xt0psk2 x3ct3a4 xdj266r x14z9mp xat24cr x1lziwak xexx8yu xyri2b x18d9i69 x1c1uobl x16tdsg8 x1hl2dhg xggy1nq x1a2a7pz xkrqix3 x1sur9pj x1fey0fg x1s688f" tabindex="0" role="link" href="https://www.facebook.com/profile.php?id=61578722523911&amp;__cft__[0]=AZZ9_JT51GhX0sp_cxTbNopJXx_StSemA70MKOESUPu8YfJ0VOU0iJLPLI26BqeTUKYKfur1_zPwnTTSib4Vhbhw_cm20c_Lo6RlVogwhG7urykGE8JiBIW1TSQ3egzIzke-ZDrVRqYb0n9eVefz8GwMYa56OtdvVLo4nbEzhpkwOonGomSesPgHw0yPx4kQsUA&amp;__tn__=-]K-R"><span class="xt0psk2"><span class="xjp7ctv">Lire à l&rsquo;Os</span></span></a></span>, à la médiathèque intercommunale Jean Soler.</h2>

<p>Vendredi 29 mai à 18h Présentation et dédicace par Francis Manent de son livre « Les plantes sauvages dans la tradition catalane » paru aux éditions Trabucayre En présence de Camille, Librairie [&hellip;]</p>
