{"id":3450,"date":"2026-03-25T11:24:36","date_gmt":"2026-03-25T10:24:36","guid":{"rendered":"https:\/\/www.tourisme-haut-vallespir.com\/agenda\/?post_type=tribe_events&#038;p=3450"},"modified":"2026-03-31T11:59:02","modified_gmt":"2026-03-31T09:59:02","slug":"marche-d-producteurs-de-pays","status":"publish","type":"tribe_events","link":"https:\/\/www.tourisme-haut-vallespir.com\/agenda\/evenement\/marche-d-producteurs-de-pays\/","title":{"rendered":"MARCHE DE PRODUCTEURS DE PAYS"},"content":{"rendered":"<h2><img loading=\"lazy\" decoding=\"async\" class=\"alignnone size-medium wp-image-1720\" src=\"http:\/\/www.tourisme-haut-vallespir.com\/agenda\/wp-content\/uploads\/2022\/05\/marche-2-300x200.jpg\" alt=\"\" width=\"300\" height=\"200\" srcset=\"https:\/\/www.tourisme-haut-vallespir.com\/agenda\/wp-content\/uploads\/2022\/05\/marche-2-300x200.jpg 300w, https:\/\/www.tourisme-haut-vallespir.com\/agenda\/wp-content\/uploads\/2022\/05\/marche-2-1024x682.jpg 1024w, https:\/\/www.tourisme-haut-vallespir.com\/agenda\/wp-content\/uploads\/2022\/05\/marche-2-768x511.jpg 768w, https:\/\/www.tourisme-haut-vallespir.com\/agenda\/wp-content\/uploads\/2022\/05\/marche-2-1536x1022.jpg 1536w, https:\/\/www.tourisme-haut-vallespir.com\/agenda\/wp-content\/uploads\/2022\/05\/marche-2-180x120.jpg 180w, https:\/\/www.tourisme-haut-vallespir.com\/agenda\/wp-content\/uploads\/2022\/05\/marche-2.jpg 1920w\" sizes=\"auto, (max-width: 300px) 100vw, 300px\" \/> <img loading=\"lazy\" decoding=\"async\" class=\"alignnone size-medium wp-image-1719\" src=\"http:\/\/www.tourisme-haut-vallespir.com\/agenda\/wp-content\/uploads\/2022\/05\/marche-300x201.jpg\" alt=\"\" width=\"300\" height=\"201\" srcset=\"https:\/\/www.tourisme-haut-vallespir.com\/agenda\/wp-content\/uploads\/2022\/05\/marche-300x201.jpg 300w, https:\/\/www.tourisme-haut-vallespir.com\/agenda\/wp-content\/uploads\/2022\/05\/marche-1024x685.jpg 1024w, https:\/\/www.tourisme-haut-vallespir.com\/agenda\/wp-content\/uploads\/2022\/05\/marche-768x514.jpg 768w, https:\/\/www.tourisme-haut-vallespir.com\/agenda\/wp-content\/uploads\/2022\/05\/marche-1536x1028.jpg 1536w, https:\/\/www.tourisme-haut-vallespir.com\/agenda\/wp-content\/uploads\/2022\/05\/marche-180x120.jpg 180w, https:\/\/www.tourisme-haut-vallespir.com\/agenda\/wp-content\/uploads\/2022\/05\/marche.jpg 1920w\" sizes=\"auto, (max-width: 300px) 100vw, 300px\" \/><\/h2>\n<h2 id=\"marche-de-producteurs-le-mercredi-arles-sur-tch\"><span class=\"gs_tkn\">March\u00e9\u00a0<\/span><span class=\"gs_tkn\">de\u00a0<\/span><span class=\"gs_tkn\">producteurs de Pays<\/span><\/h2>\n<div class=\"gs_p\">\n<p>Le March\u00e9 de Producteurs de Pays \u00e0 Arles-sur-Tech est un \u00e9v\u00e9nement incontournable pour les amateurs de produits locaux. Chaque mercredi matin, les visiteurs peuvent d\u00e9couvrir une s\u00e9lection de produits du terroir, allant des fromages fermiers aux fruits et l\u00e9gumes frais\u2026 Ce march\u00e9 est une occasion unique de go\u00fbter aux recettes traditionnelles et de rencontrer des producteurs locaux. Les produits sont s\u00e9lectionn\u00e9s pour leur qualit\u00e9 et leur authenticit\u00e9, garantissant une exp\u00e9rience culinaire authentique.<\/p>\n<\/div>\n","protected":false},"excerpt":{"rendered":"<p>March\u00e9\u00a0de\u00a0producteurs de Pays Le March\u00e9 de Producteurs de Pays \u00e0 Arles-sur-Tech est un \u00e9v\u00e9nement incontournable pour les amateurs de produits locaux. Chaque mercredi matin, les visiteurs peuvent d\u00e9couvrir une s\u00e9lection [&hellip;]<\/p>\n","protected":false},"author":3,"featured_media":1814,"template":"","meta":{"site-sidebar-layout":"default","site-content-layout":"","ast-site-content-layout":"default","site-content-style":"default","site-sidebar-style":"default","ast-global-header-display":"","ast-banner-title-visibility":"","ast-main-header-display":"","ast-hfb-above-header-display":"","ast-hfb-below-header-display":"","ast-hfb-mobile-header-display":"","site-post-title":"","ast-breadcrumbs-content":"","ast-featured-img":"","footer-sml-layout":"","ast-disable-related-posts":"","theme-transparent-header-meta":"default","adv-header-id-meta":"","stick-header-meta":"","header-above-stick-meta":"","header-main-stick-meta":"","header-below-stick-meta":"","astra-migrate-meta-layouts":"set","ast-page-background-enabled":"default","ast-page-background-meta":{"desktop":{"background-color":"var(--ast-global-color-4)","background-image":"","background-repeat":"repeat","background-position":"center center","background-size":"auto","background-attachment":"scroll","background-type":"","background-media":"","overlay-type":"","overlay-color":"","overlay-opacity":"","overlay-gradient":""},"tablet":{"background-color":"","background-image":"","background-repeat":"repeat","background-position":"center center","background-size":"auto","background-attachment":"scroll","background-type":"","background-media":"","overlay-type":"","overlay-color":"","overlay-opacity":"","overlay-gradient":""},"mobile":{"background-color":"","background-image":"","background-repeat":"repeat","background-position":"center center","background-size":"auto","background-attachment":"scroll","background-type":"","background-media":"","overlay-type":"","overlay-color":"","overlay-opacity":"","overlay-gradient":""}},"ast-content-background-meta":{"desktop":{"background-color":"var(--ast-global-color-5)","background-image":"","background-repeat":"repeat","background-position":"center center","background-size":"auto","background-attachment":"scroll","background-type":"","background-media":"","overlay-type":"","overlay-color":"","overlay-opacity":"","overlay-gradient":""},"tablet":{"background-color":"var(--ast-global-color-5)","background-image":"","background-repeat":"repeat","background-position":"center center","background-size":"auto","background-attachment":"scroll","background-type":"","background-media":"","overlay-type":"","overlay-color":"","overlay-opacity":"","overlay-gradient":""},"mobile":{"background-color":"var(--ast-global-color-5)","background-image":"","background-repeat":"repeat","background-position":"center center","background-size":"auto","background-attachment":"scroll","background-type":"","background-media":"","overlay-type":"","overlay-color":"","overlay-opacity":"","overlay-gradient":""}},"_tribe_events_status":"","_tribe_events_status_reason":"","footnotes":""},"tags":[75,74,76,77],"tribe_events_cat":[35,36],"class_list":["post-3450","tribe_events","type-tribe_events","status-publish","has-post-thumbnail","hentry","tag-marche","tag-producteurs","tag-produits-locaux","tag-terroir","tribe_events_cat-marche","tribe_events_cat-terroir","cat_marche","cat_terroir"],"_links":{"self":[{"href":"https:\/\/www.tourisme-haut-vallespir.com\/agenda\/wp-json\/wp\/v2\/tribe_events\/3450","targetHints":{"allow":["GET"]}}],"collection":[{"href":"https:\/\/www.tourisme-haut-vallespir.com\/agenda\/wp-json\/wp\/v2\/tribe_events"}],"about":[{"href":"https:\/\/www.tourisme-haut-vallespir.com\/agenda\/wp-json\/wp\/v2\/types\/tribe_events"}],"author":[{"embeddable":true,"href":"https:\/\/www.tourisme-haut-vallespir.com\/agenda\/wp-json\/wp\/v2\/users\/3"}],"version-history":[{"count":2,"href":"https:\/\/www.tourisme-haut-vallespir.com\/agenda\/wp-json\/wp\/v2\/tribe_events\/3450\/revisions"}],"predecessor-version":[{"id":3557,"href":"https:\/\/www.tourisme-haut-vallespir.com\/agenda\/wp-json\/wp\/v2\/tribe_events\/3450\/revisions\/3557"}],"wp:featuredmedia":[{"embeddable":true,"href":"https:\/\/www.tourisme-haut-vallespir.com\/agenda\/wp-json\/wp\/v2\/media\/1814"}],"wp:attachment":[{"href":"https:\/\/www.tourisme-haut-vallespir.com\/agenda\/wp-json\/wp\/v2\/media?parent=3450"}],"wp:term":[{"taxonomy":"post_tag","embeddable":true,"href":"https:\/\/www.tourisme-haut-vallespir.com\/agenda\/wp-json\/wp\/v2\/tags?post=3450"},{"taxonomy":"tribe_events_cat","embeddable":true,"href":"https:\/\/www.tourisme-haut-vallespir.com\/agenda\/wp-json\/wp\/v2\/tribe_events_cat?post=3450"}],"curies":[{"name":"wp","href":"https:\/\/api.w.org\/{rel}","templated":true}]}}

<h2><img loading="lazy" decoding="async" class="alignnone size-medium wp-image-1720" src="http://www.tourisme-haut-vallespir.com/agenda/wp-content/uploads/2022/05/marche-2-300x200.jpg" alt="" width="300" height="200" srcset="https://www.tourisme-haut-vallespir.com/agenda/wp-content/uploads/2022/05/marche-2-300x200.jpg 300w, https://www.tourisme-haut-vallespir.com/agenda/wp-content/uploads/2022/05/marche-2-1024x682.jpg 1024w, https://www.tourisme-haut-vallespir.com/agenda/wp-content/uploads/2022/05/marche-2-768x511.jpg 768w, https://www.tourisme-haut-vallespir.com/agenda/wp-content/uploads/2022/05/marche-2-1536x1022.jpg 1536w, https://www.tourisme-haut-vallespir.com/agenda/wp-content/uploads/2022/05/marche-2-180x120.jpg 180w, https://www.tourisme-haut-vallespir.com/agenda/wp-content/uploads/2022/05/marche-2.jpg 1920w" sizes="auto, (max-width: 300px) 100vw, 300px" /> <img loading="lazy" decoding="async" class="alignnone size-medium wp-image-1719" src="http://www.tourisme-haut-vallespir.com/agenda/wp-content/uploads/2022/05/marche-300x201.jpg" alt="" width="300" height="201" srcset="https://www.tourisme-haut-vallespir.com/agenda/wp-content/uploads/2022/05/marche-300x201.jpg 300w, https://www.tourisme-haut-vallespir.com/agenda/wp-content/uploads/2022/05/marche-1024x685.jpg 1024w, https://www.tourisme-haut-vallespir.com/agenda/wp-content/uploads/2022/05/marche-768x514.jpg 768w, https://www.tourisme-haut-vallespir.com/agenda/wp-content/uploads/2022/05/marche-1536x1028.jpg 1536w, https://www.tourisme-haut-vallespir.com/agenda/wp-content/uploads/2022/05/marche-180x120.jpg 180w, https://www.tourisme-haut-vallespir.com/agenda/wp-content/uploads/2022/05/marche.jpg 1920w" sizes="auto, (max-width: 300px) 100vw, 300px" /></h2>
<h2 id="marche-de-producteurs-le-mercredi-arles-sur-tch"><span class="gs_tkn">Marché </span><span class="gs_tkn">de </span><span class="gs_tkn">producteurs de Pays</span></h2>
<div class="gs_p">
<p>Le Marché de Producteurs de Pays à Arles-sur-Tech est un événement incontournable pour les amateurs de produits locaux. Chaque mercredi matin, les visiteurs peuvent découvrir une sélection de produits du terroir, allant des fromages fermiers aux fruits et légumes frais… Ce marché est une occasion unique de goûter aux recettes traditionnelles et de rencontrer des producteurs locaux. Les produits sont sélectionnés pour leur qualité et leur authenticité, garantissant une expérience culinaire authentique.</p>
</div>

<p>Marché de producteurs de Pays Le Marché de Producteurs de Pays à Arles-sur-Tech est un événement incontournable pour les amateurs de produits locaux. Chaque mercredi matin, les visiteurs peuvent découvrir une sélection [&hellip;]</p>
