{"id":3382,"date":"2026-03-10T09:48:10","date_gmt":"2026-03-10T08:48:10","guid":{"rendered":"https:\/\/www.tourisme-haut-vallespir.com\/agenda\/?post_type=tribe_events&#038;p=3382"},"modified":"2026-03-31T15:48:12","modified_gmt":"2026-03-31T13:48:12","slug":"theatre-2","status":"publish","type":"tribe_events","link":"https:\/\/www.tourisme-haut-vallespir.com\/agenda\/evenement\/theatre-2\/","title":{"rendered":"THEATRE"},"content":{"rendered":"<h2><span style=\"color: #003366;\">Dimanche 12 avril<\/span><\/h2>\n<h2><span style=\"color: #003366;\">Le Th\u00e9\u00e2tre Arl\u00e9sien invite la troupe Vigatanes i Barretina\u00a0<\/span><\/h2>\n<h2><span style=\"color: #003366;\">\u00ab\u00a0Une belle embrouille\u00a0\u00bb\u00a0\u00a0<\/span><\/h2>\n<h2><span style=\"color: #003366;\">\u00e0 16h \u00e0 la Salle des F\u00eates<\/span><\/h2>\n<h2><span style=\"color: #003366;\">Entr\u00e9e 8\u20ac\u00a0<\/span><\/h2>\n<p><img loading=\"lazy\" decoding=\"async\" class=\"alignnone size-medium wp-image-3383\" src=\"http:\/\/www.tourisme-haut-vallespir.com\/agenda\/wp-content\/uploads\/2026\/03\/Une-belle-embrouille-177x300.jpg\" alt=\"\" width=\"177\" height=\"300\" srcset=\"https:\/\/www.tourisme-haut-vallespir.com\/agenda\/wp-content\/uploads\/2026\/03\/Une-belle-embrouille-177x300.jpg 177w, https:\/\/www.tourisme-haut-vallespir.com\/agenda\/wp-content\/uploads\/2026\/03\/Une-belle-embrouille-603x1024.jpg 603w, https:\/\/www.tourisme-haut-vallespir.com\/agenda\/wp-content\/uploads\/2026\/03\/Une-belle-embrouille-768x1305.jpg 768w, https:\/\/www.tourisme-haut-vallespir.com\/agenda\/wp-content\/uploads\/2026\/03\/Une-belle-embrouille-904x1536.jpg 904w, https:\/\/www.tourisme-haut-vallespir.com\/agenda\/wp-content\/uploads\/2026\/03\/Une-belle-embrouille-1205x2048.jpg 1205w, https:\/\/www.tourisme-haut-vallespir.com\/agenda\/wp-content\/uploads\/2026\/03\/Une-belle-embrouille-scaled.jpg 1507w\" sizes=\"auto, (max-width: 177px) 100vw, 177px\" \/><\/p>\n","protected":false},"excerpt":{"rendered":"<p>Dimanche 12 avril Le Th\u00e9\u00e2tre Arl\u00e9sien invite la troupe Vigatanes i Barretina\u00a0 \u00ab\u00a0Une belle embrouille\u00a0\u00bb\u00a0\u00a0 \u00e0 16h \u00e0 la Salle des F\u00eates Entr\u00e9e 8\u20ac\u00a0<\/p>\n","protected":false},"author":3,"featured_media":3383,"template":"","meta":{"site-sidebar-layout":"default","site-content-layout":"","ast-site-content-layout":"default","site-content-style":"default","site-sidebar-style":"default","ast-global-header-display":"","ast-banner-title-visibility":"","ast-main-header-display":"","ast-hfb-above-header-display":"","ast-hfb-below-header-display":"","ast-hfb-mobile-header-display":"","site-post-title":"","ast-breadcrumbs-content":"","ast-featured-img":"","footer-sml-layout":"","ast-disable-related-posts":"","theme-transparent-header-meta":"default","adv-header-id-meta":"","stick-header-meta":"","header-above-stick-meta":"","header-main-stick-meta":"","header-below-stick-meta":"","astra-migrate-meta-layouts":"set","ast-page-background-enabled":"default","ast-page-background-meta":{"desktop":{"background-color":"var(--ast-global-color-4)","background-image":"","background-repeat":"repeat","background-position":"center center","background-size":"auto","background-attachment":"scroll","background-type":"","background-media":"","overlay-type":"","overlay-color":"","overlay-opacity":"","overlay-gradient":""},"tablet":{"background-color":"","background-image":"","background-repeat":"repeat","background-position":"center center","background-size":"auto","background-attachment":"scroll","background-type":"","background-media":"","overlay-type":"","overlay-color":"","overlay-opacity":"","overlay-gradient":""},"mobile":{"background-color":"","background-image":"","background-repeat":"repeat","background-position":"center center","background-size":"auto","background-attachment":"scroll","background-type":"","background-media":"","overlay-type":"","overlay-color":"","overlay-opacity":"","overlay-gradient":""}},"ast-content-background-meta":{"desktop":{"background-color":"var(--ast-global-color-5)","background-image":"","background-repeat":"repeat","background-position":"center center","background-size":"auto","background-attachment":"scroll","background-type":"","background-media":"","overlay-type":"","overlay-color":"","overlay-opacity":"","overlay-gradient":""},"tablet":{"background-color":"var(--ast-global-color-5)","background-image":"","background-repeat":"repeat","background-position":"center center","background-size":"auto","background-attachment":"scroll","background-type":"","background-media":"","overlay-type":"","overlay-color":"","overlay-opacity":"","overlay-gradient":""},"mobile":{"background-color":"var(--ast-global-color-5)","background-image":"","background-repeat":"repeat","background-position":"center center","background-size":"auto","background-attachment":"scroll","background-type":"","background-media":"","overlay-type":"","overlay-color":"","overlay-opacity":"","overlay-gradient":""}},"_tribe_events_status":"","_tribe_events_status_reason":"","footnotes":""},"tags":[91,103,102],"tribe_events_cat":[32,67],"class_list":["post-3382","tribe_events","type-tribe_events","status-publish","has-post-thumbnail","hentry","tag-culturel","tag-spectacle","tag-theatre","tribe_events_cat-fetes-et-manifestations","tribe_events_cat-spectacles","cat_fetes-et-manifestations","cat_spectacles"],"_links":{"self":[{"href":"https:\/\/www.tourisme-haut-vallespir.com\/agenda\/wp-json\/wp\/v2\/tribe_events\/3382","targetHints":{"allow":["GET"]}}],"collection":[{"href":"https:\/\/www.tourisme-haut-vallespir.com\/agenda\/wp-json\/wp\/v2\/tribe_events"}],"about":[{"href":"https:\/\/www.tourisme-haut-vallespir.com\/agenda\/wp-json\/wp\/v2\/types\/tribe_events"}],"author":[{"embeddable":true,"href":"https:\/\/www.tourisme-haut-vallespir.com\/agenda\/wp-json\/wp\/v2\/users\/3"}],"version-history":[{"count":1,"href":"https:\/\/www.tourisme-haut-vallespir.com\/agenda\/wp-json\/wp\/v2\/tribe_events\/3382\/revisions"}],"predecessor-version":[{"id":3384,"href":"https:\/\/www.tourisme-haut-vallespir.com\/agenda\/wp-json\/wp\/v2\/tribe_events\/3382\/revisions\/3384"}],"wp:featuredmedia":[{"embeddable":true,"href":"https:\/\/www.tourisme-haut-vallespir.com\/agenda\/wp-json\/wp\/v2\/media\/3383"}],"wp:attachment":[{"href":"https:\/\/www.tourisme-haut-vallespir.com\/agenda\/wp-json\/wp\/v2\/media?parent=3382"}],"wp:term":[{"taxonomy":"post_tag","embeddable":true,"href":"https:\/\/www.tourisme-haut-vallespir.com\/agenda\/wp-json\/wp\/v2\/tags?post=3382"},{"taxonomy":"tribe_events_cat","embeddable":true,"href":"https:\/\/www.tourisme-haut-vallespir.com\/agenda\/wp-json\/wp\/v2\/tribe_events_cat?post=3382"}],"curies":[{"name":"wp","href":"https:\/\/api.w.org\/{rel}","templated":true}]}}

<h2><span style="color: #003366;">Dimanche 12 avril</span></h2>
<h2><span style="color: #003366;">Le Théâtre Arlésien invite la troupe Vigatanes i Barretina </span></h2>
<h2><span style="color: #003366;">« Une belle embrouille »  </span></h2>
<h2><span style="color: #003366;">à 16h à la Salle des Fêtes</span></h2>
<h2><span style="color: #003366;">Entrée 8€ </span></h2>
<p><img loading="lazy" decoding="async" class="alignnone size-medium wp-image-3383" src="http://www.tourisme-haut-vallespir.com/agenda/wp-content/uploads/2026/03/Une-belle-embrouille-177x300.jpg" alt="" width="177" height="300" srcset="https://www.tourisme-haut-vallespir.com/agenda/wp-content/uploads/2026/03/Une-belle-embrouille-177x300.jpg 177w, https://www.tourisme-haut-vallespir.com/agenda/wp-content/uploads/2026/03/Une-belle-embrouille-603x1024.jpg 603w, https://www.tourisme-haut-vallespir.com/agenda/wp-content/uploads/2026/03/Une-belle-embrouille-768x1305.jpg 768w, https://www.tourisme-haut-vallespir.com/agenda/wp-content/uploads/2026/03/Une-belle-embrouille-904x1536.jpg 904w, https://www.tourisme-haut-vallespir.com/agenda/wp-content/uploads/2026/03/Une-belle-embrouille-1205x2048.jpg 1205w, https://www.tourisme-haut-vallespir.com/agenda/wp-content/uploads/2026/03/Une-belle-embrouille-scaled.jpg 1507w" sizes="auto, (max-width: 177px) 100vw, 177px" /></p>

<p>Dimanche 12 avril Le Théâtre Arlésien invite la troupe Vigatanes i Barretina  « Une belle embrouille »   à 16h à la Salle des Fêtes Entrée 8€ </p>
