{"id":3304,"date":"2026-02-19T16:04:45","date_gmt":"2026-02-19T15:04:45","guid":{"rendered":"https:\/\/www.tourisme-haut-vallespir.com\/agenda\/?post_type=tribe_events&#038;p=3304"},"modified":"2026-03-31T09:27:04","modified_gmt":"2026-03-31T07:27:04","slug":"visite-guidee-histoires-et-patrimoine-66","status":"publish","type":"tribe_events","link":"https:\/\/www.tourisme-haut-vallespir.com\/agenda\/evenement\/visite-guidee-histoires-et-patrimoine-66\/","title":{"rendered":"VISITE GUID\u00c9E HISTOIRES ET PATRIMOINE"},"content":{"rendered":"<p><img loading=\"lazy\" decoding=\"async\" class=\"alignnone size-medium wp-image-2331\" src=\"http:\/\/www.tourisme-haut-vallespir.com\/agenda\/wp-content\/uploads\/2024\/05\/arles-19-05-2020-61-300x225.jpg\" alt=\"\" width=\"300\" height=\"225\" srcset=\"https:\/\/www.tourisme-haut-vallespir.com\/agenda\/wp-content\/uploads\/2024\/05\/arles-19-05-2020-61-300x225.jpg 300w, https:\/\/www.tourisme-haut-vallespir.com\/agenda\/wp-content\/uploads\/2024\/05\/arles-19-05-2020-61-1024x768.jpg 1024w, https:\/\/www.tourisme-haut-vallespir.com\/agenda\/wp-content\/uploads\/2024\/05\/arles-19-05-2020-61-400x300.jpg 400w, https:\/\/www.tourisme-haut-vallespir.com\/agenda\/wp-content\/uploads\/2024\/05\/arles-19-05-2020-61-768x576.jpg 768w, https:\/\/www.tourisme-haut-vallespir.com\/agenda\/wp-content\/uploads\/2024\/05\/arles-19-05-2020-61-1536x1152.jpg 1536w, https:\/\/www.tourisme-haut-vallespir.com\/agenda\/wp-content\/uploads\/2024\/05\/arles-19-05-2020-61-2048x1536.jpg 2048w\" sizes=\"auto, (max-width: 300px) 100vw, 300px\" \/><\/p>\n<p><strong>VISITE GUID\u00c9E \u00a0 <\/strong><\/p>\n<p><strong>\u00ab Histoires et patrimoine <\/strong><strong>d\u2019Arles \u00bb (1H30).<\/strong><\/p>\n<p><strong>Le jeudi \u00e0 15h en Fran\u00e7ais.<\/strong><\/p>\n<p><strong>Pour les visites en <\/strong><strong>anglais ou <\/strong><strong>Espagnols (informations et r\u00e9servation au Palau)<\/strong><\/p>\n<p><strong>D\u00e9part de l\u2019accueil de l\u2019Abbaye \u00ab Le Palau \u00bb.<\/strong><\/p>\n<p><strong>Sur Inscription (minimum 3 adultes<\/strong><strong>). Visite payante<\/strong><\/p>\n<p><strong>\u00a0Renseignements 04 68 83 90 66<\/strong><\/p>\n<p><strong><a href=\"mailto:accueilabbaye@arles-sur-tech.fr\">accueilabbaye@arles-sur-tech.fr<\/a><\/strong><\/p>\n","protected":false},"excerpt":{"rendered":"<p>VISITE GUID\u00c9E \u00a0 \u00ab Histoires et patrimoine d\u2019Arles \u00bb (1H30). Le jeudi \u00e0 15h en Fran\u00e7ais. Pour les visites en anglais ou Espagnols (informations et r\u00e9servation au Palau) D\u00e9part de [&hellip;]<\/p>\n","protected":false},"author":3,"featured_media":2331,"template":"","meta":{"site-sidebar-layout":"default","site-content-layout":"","ast-site-content-layout":"default","site-content-style":"default","site-sidebar-style":"default","ast-global-header-display":"","ast-banner-title-visibility":"","ast-main-header-display":"","ast-hfb-above-header-display":"","ast-hfb-below-header-display":"","ast-hfb-mobile-header-display":"","site-post-title":"","ast-breadcrumbs-content":"","ast-featured-img":"","footer-sml-layout":"","ast-disable-related-posts":"","theme-transparent-header-meta":"default","adv-header-id-meta":"","stick-header-meta":"","header-above-stick-meta":"","header-main-stick-meta":"","header-below-stick-meta":"","astra-migrate-meta-layouts":"set","ast-page-background-enabled":"default","ast-page-background-meta":{"desktop":{"background-color":"var(--ast-global-color-4)","background-image":"","background-repeat":"repeat","background-position":"center center","background-size":"auto","background-attachment":"scroll","background-type":"","background-media":"","overlay-type":"","overlay-color":"","overlay-opacity":"","overlay-gradient":""},"tablet":{"background-color":"","background-image":"","background-repeat":"repeat","background-position":"center center","background-size":"auto","background-attachment":"scroll","background-type":"","background-media":"","overlay-type":"","overlay-color":"","overlay-opacity":"","overlay-gradient":""},"mobile":{"background-color":"","background-image":"","background-repeat":"repeat","background-position":"center center","background-size":"auto","background-attachment":"scroll","background-type":"","background-media":"","overlay-type":"","overlay-color":"","overlay-opacity":"","overlay-gradient":""}},"ast-content-background-meta":{"desktop":{"background-color":"var(--ast-global-color-5)","background-image":"","background-repeat":"repeat","background-position":"center center","background-size":"auto","background-attachment":"scroll","background-type":"","background-media":"","overlay-type":"","overlay-color":"","overlay-opacity":"","overlay-gradient":""},"tablet":{"background-color":"var(--ast-global-color-5)","background-image":"","background-repeat":"repeat","background-position":"center center","background-size":"auto","background-attachment":"scroll","background-type":"","background-media":"","overlay-type":"","overlay-color":"","overlay-opacity":"","overlay-gradient":""},"mobile":{"background-color":"var(--ast-global-color-5)","background-image":"","background-repeat":"repeat","background-position":"center center","background-size":"auto","background-attachment":"scroll","background-type":"","background-media":"","overlay-type":"","overlay-color":"","overlay-opacity":"","overlay-gradient":""}},"_tribe_events_status":"","_tribe_events_status_reason":"","footnotes":""},"tags":[80,81,79,78],"tribe_events_cat":[46,45],"class_list":["post-3304","tribe_events","type-tribe_events","status-publish","has-post-thumbnail","hentry","tag-centre-historique","tag-patrimoine","tag-patrimoine-culturel","tag-visite-guidee","tribe_events_cat-culturelle","tribe_events_cat-visite-guidee","cat_culturelle","cat_visite-guidee"],"_links":{"self":[{"href":"https:\/\/www.tourisme-haut-vallespir.com\/agenda\/wp-json\/wp\/v2\/tribe_events\/3304","targetHints":{"allow":["GET"]}}],"collection":[{"href":"https:\/\/www.tourisme-haut-vallespir.com\/agenda\/wp-json\/wp\/v2\/tribe_events"}],"about":[{"href":"https:\/\/www.tourisme-haut-vallespir.com\/agenda\/wp-json\/wp\/v2\/types\/tribe_events"}],"author":[{"embeddable":true,"href":"https:\/\/www.tourisme-haut-vallespir.com\/agenda\/wp-json\/wp\/v2\/users\/3"}],"version-history":[{"count":1,"href":"https:\/\/www.tourisme-haut-vallespir.com\/agenda\/wp-json\/wp\/v2\/tribe_events\/3304\/revisions"}],"predecessor-version":[{"id":3305,"href":"https:\/\/www.tourisme-haut-vallespir.com\/agenda\/wp-json\/wp\/v2\/tribe_events\/3304\/revisions\/3305"}],"wp:featuredmedia":[{"embeddable":true,"href":"https:\/\/www.tourisme-haut-vallespir.com\/agenda\/wp-json\/wp\/v2\/media\/2331"}],"wp:attachment":[{"href":"https:\/\/www.tourisme-haut-vallespir.com\/agenda\/wp-json\/wp\/v2\/media?parent=3304"}],"wp:term":[{"taxonomy":"post_tag","embeddable":true,"href":"https:\/\/www.tourisme-haut-vallespir.com\/agenda\/wp-json\/wp\/v2\/tags?post=3304"},{"taxonomy":"tribe_events_cat","embeddable":true,"href":"https:\/\/www.tourisme-haut-vallespir.com\/agenda\/wp-json\/wp\/v2\/tribe_events_cat?post=3304"}],"curies":[{"name":"wp","href":"https:\/\/api.w.org\/{rel}","templated":true}]}}

VISITE GUIDÉE HISTOIRES ET PATRIMOINE

<p><img loading="lazy" decoding="async" class="alignnone size-medium wp-image-2331" src="http://www.tourisme-haut-vallespir.com/agenda/wp-content/uploads/2024/05/arles-19-05-2020-61-300x225.jpg" alt="" width="300" height="225" srcset="https://www.tourisme-haut-vallespir.com/agenda/wp-content/uploads/2024/05/arles-19-05-2020-61-300x225.jpg 300w, https://www.tourisme-haut-vallespir.com/agenda/wp-content/uploads/2024/05/arles-19-05-2020-61-1024x768.jpg 1024w, https://www.tourisme-haut-vallespir.com/agenda/wp-content/uploads/2024/05/arles-19-05-2020-61-400x300.jpg 400w, https://www.tourisme-haut-vallespir.com/agenda/wp-content/uploads/2024/05/arles-19-05-2020-61-768x576.jpg 768w, https://www.tourisme-haut-vallespir.com/agenda/wp-content/uploads/2024/05/arles-19-05-2020-61-1536x1152.jpg 1536w, https://www.tourisme-haut-vallespir.com/agenda/wp-content/uploads/2024/05/arles-19-05-2020-61-2048x1536.jpg 2048w" sizes="auto, (max-width: 300px) 100vw, 300px" /></p>
<p><strong>VISITE GUIDÉE   </strong></p>
<p><strong>« Histoires et patrimoine </strong><strong>d’Arles » (1H30).</strong></p>
<p><strong>Le jeudi à 15h en Français.</strong></p>
<p><strong>Pour les visites en </strong><strong>anglais ou </strong><strong>Espagnols (informations et réservation au Palau)</strong></p>
<p><strong>Départ de l’accueil de l’Abbaye « Le Palau ».</strong></p>
<p><strong>Sur Inscription (minimum 3 adultes</strong><strong>). Visite payante</strong></p>
<p><strong> Renseignements 04 68 83 90 66</strong></p>
<p><strong><a href="mailto:accueilabbaye@arles-sur-tech.fr">accueilabbaye@arles-sur-tech.fr</a></strong></p>

<p>VISITE GUIDÉE   « Histoires et patrimoine d’Arles » (1H30). Le jeudi à 15h en Français. Pour les visites en anglais ou Espagnols (informations et réservation au Palau) Départ de [&hellip;]</p>
