{"id":3277,"date":"2026-02-19T13:07:50","date_gmt":"2026-02-19T12:07:50","guid":{"rendered":"https:\/\/www.tourisme-haut-vallespir.com\/agenda\/?post_type=tribe_events&#038;p=3277"},"modified":"2026-03-31T10:29:25","modified_gmt":"2026-03-31T08:29:25","slug":"3277","status":"publish","type":"tribe_events","link":"https:\/\/www.tourisme-haut-vallespir.com\/agenda\/evenement\/3277\/","title":{"rendered":"VISITE GUID\u00c9E"},"content":{"rendered":"<p><img loading=\"lazy\" decoding=\"async\" class=\"alignnone size-medium wp-image-2958\" src=\"http:\/\/www.tourisme-haut-vallespir.com\/agenda\/wp-content\/uploads\/2025\/09\/Carreau-de-la-mine-Arles-sur-Tech-300x225.jpg\" alt=\"\" width=\"300\" height=\"225\" srcset=\"https:\/\/www.tourisme-haut-vallespir.com\/agenda\/wp-content\/uploads\/2025\/09\/Carreau-de-la-mine-Arles-sur-Tech-300x225.jpg 300w, https:\/\/www.tourisme-haut-vallespir.com\/agenda\/wp-content\/uploads\/2025\/09\/Carreau-de-la-mine-Arles-sur-Tech-1024x768.jpg 1024w, https:\/\/www.tourisme-haut-vallespir.com\/agenda\/wp-content\/uploads\/2025\/09\/Carreau-de-la-mine-Arles-sur-Tech-400x300.jpg 400w, https:\/\/www.tourisme-haut-vallespir.com\/agenda\/wp-content\/uploads\/2025\/09\/Carreau-de-la-mine-Arles-sur-Tech-768x576.jpg 768w, https:\/\/www.tourisme-haut-vallespir.com\/agenda\/wp-content\/uploads\/2025\/09\/Carreau-de-la-mine-Arles-sur-Tech-1536x1152.jpg 1536w, https:\/\/www.tourisme-haut-vallespir.com\/agenda\/wp-content\/uploads\/2025\/09\/Carreau-de-la-mine-Arles-sur-Tech-2048x1536.jpg 2048w\" sizes=\"auto, (max-width: 300px) 100vw, 300px\" \/><\/p>\n<p><strong>VISITE GUID\u00c9E \u00a0 <\/strong><\/p>\n<p><strong>\u00ab Le village, le patrimoine industriel et artisanal \u00bb <\/strong>(1h30 \u00e0 2h).<\/p>\n<p>Le mardi \u00e0 15h. D\u00e9part de l\u2019accueil de l\u2019Abbaye \u00ab\u00a0Le Palau\u00a0\u00bb.<\/p>\n<p>Sur Inscription (minimum 3 adultes). Visite Payante.<\/p>\n<p>Renseignements 04 68 83 90 66<\/p>\n<p><strong><a href=\"mailto:accueilabbaye@arles-sur-tech.fr\">accueilabbaye@arles-sur-tech.fr<\/a><\/strong><\/p>\n","protected":false},"excerpt":{"rendered":"<p>VISITE GUID\u00c9E \u00a0 \u00ab Le village, le patrimoine industriel et artisanal \u00bb (1h30 \u00e0 2h). Le mardi \u00e0 15h. D\u00e9part de l\u2019accueil de l\u2019Abbaye \u00ab\u00a0Le Palau\u00a0\u00bb. Sur Inscription (minimum 3 [&hellip;]<\/p>\n","protected":false},"author":3,"featured_media":2958,"template":"","meta":{"site-sidebar-layout":"default","site-content-layout":"","ast-site-content-layout":"default","site-content-style":"default","site-sidebar-style":"default","ast-global-header-display":"","ast-banner-title-visibility":"","ast-main-header-display":"","ast-hfb-above-header-display":"","ast-hfb-below-header-display":"","ast-hfb-mobile-header-display":"","site-post-title":"","ast-breadcrumbs-content":"","ast-featured-img":"","footer-sml-layout":"","ast-disable-related-posts":"","theme-transparent-header-meta":"default","adv-header-id-meta":"","stick-header-meta":"","header-above-stick-meta":"","header-main-stick-meta":"","header-below-stick-meta":"","astra-migrate-meta-layouts":"set","ast-page-background-enabled":"default","ast-page-background-meta":{"desktop":{"background-color":"var(--ast-global-color-4)","background-image":"","background-repeat":"repeat","background-position":"center center","background-size":"auto","background-attachment":"scroll","background-type":"","background-media":"","overlay-type":"","overlay-color":"","overlay-opacity":"","overlay-gradient":""},"tablet":{"background-color":"","background-image":"","background-repeat":"repeat","background-position":"center center","background-size":"auto","background-attachment":"scroll","background-type":"","background-media":"","overlay-type":"","overlay-color":"","overlay-opacity":"","overlay-gradient":""},"mobile":{"background-color":"","background-image":"","background-repeat":"repeat","background-position":"center center","background-size":"auto","background-attachment":"scroll","background-type":"","background-media":"","overlay-type":"","overlay-color":"","overlay-opacity":"","overlay-gradient":""}},"ast-content-background-meta":{"desktop":{"background-color":"var(--ast-global-color-5)","background-image":"","background-repeat":"repeat","background-position":"center center","background-size":"auto","background-attachment":"scroll","background-type":"","background-media":"","overlay-type":"","overlay-color":"","overlay-opacity":"","overlay-gradient":""},"tablet":{"background-color":"var(--ast-global-color-5)","background-image":"","background-repeat":"repeat","background-position":"center center","background-size":"auto","background-attachment":"scroll","background-type":"","background-media":"","overlay-type":"","overlay-color":"","overlay-opacity":"","overlay-gradient":""},"mobile":{"background-color":"var(--ast-global-color-5)","background-image":"","background-repeat":"repeat","background-position":"center center","background-size":"auto","background-attachment":"scroll","background-type":"","background-media":"","overlay-type":"","overlay-color":"","overlay-opacity":"","overlay-gradient":""}},"_tribe_events_status":"","_tribe_events_status_reason":"","footnotes":""},"tags":[80,83,82,78],"tribe_events_cat":[46,45],"class_list":["post-3277","tribe_events","type-tribe_events","status-publish","has-post-thumbnail","hentry","tag-centre-historique","tag-patrimoine-artisanal","tag-patrimoine-industriel","tag-visite-guidee","tribe_events_cat-culturelle","tribe_events_cat-visite-guidee","cat_culturelle","cat_visite-guidee"],"_links":{"self":[{"href":"https:\/\/www.tourisme-haut-vallespir.com\/agenda\/wp-json\/wp\/v2\/tribe_events\/3277","targetHints":{"allow":["GET"]}}],"collection":[{"href":"https:\/\/www.tourisme-haut-vallespir.com\/agenda\/wp-json\/wp\/v2\/tribe_events"}],"about":[{"href":"https:\/\/www.tourisme-haut-vallespir.com\/agenda\/wp-json\/wp\/v2\/types\/tribe_events"}],"author":[{"embeddable":true,"href":"https:\/\/www.tourisme-haut-vallespir.com\/agenda\/wp-json\/wp\/v2\/users\/3"}],"version-history":[{"count":3,"href":"https:\/\/www.tourisme-haut-vallespir.com\/agenda\/wp-json\/wp\/v2\/tribe_events\/3277\/revisions"}],"predecessor-version":[{"id":3540,"href":"https:\/\/www.tourisme-haut-vallespir.com\/agenda\/wp-json\/wp\/v2\/tribe_events\/3277\/revisions\/3540"}],"wp:featuredmedia":[{"embeddable":true,"href":"https:\/\/www.tourisme-haut-vallespir.com\/agenda\/wp-json\/wp\/v2\/media\/2958"}],"wp:attachment":[{"href":"https:\/\/www.tourisme-haut-vallespir.com\/agenda\/wp-json\/wp\/v2\/media?parent=3277"}],"wp:term":[{"taxonomy":"post_tag","embeddable":true,"href":"https:\/\/www.tourisme-haut-vallespir.com\/agenda\/wp-json\/wp\/v2\/tags?post=3277"},{"taxonomy":"tribe_events_cat","embeddable":true,"href":"https:\/\/www.tourisme-haut-vallespir.com\/agenda\/wp-json\/wp\/v2\/tribe_events_cat?post=3277"}],"curies":[{"name":"wp","href":"https:\/\/api.w.org\/{rel}","templated":true}]}}

VISITE GUIDÉE

<p><img loading="lazy" decoding="async" class="alignnone size-medium wp-image-2958" src="http://www.tourisme-haut-vallespir.com/agenda/wp-content/uploads/2025/09/Carreau-de-la-mine-Arles-sur-Tech-300x225.jpg" alt="" width="300" height="225" srcset="https://www.tourisme-haut-vallespir.com/agenda/wp-content/uploads/2025/09/Carreau-de-la-mine-Arles-sur-Tech-300x225.jpg 300w, https://www.tourisme-haut-vallespir.com/agenda/wp-content/uploads/2025/09/Carreau-de-la-mine-Arles-sur-Tech-1024x768.jpg 1024w, https://www.tourisme-haut-vallespir.com/agenda/wp-content/uploads/2025/09/Carreau-de-la-mine-Arles-sur-Tech-400x300.jpg 400w, https://www.tourisme-haut-vallespir.com/agenda/wp-content/uploads/2025/09/Carreau-de-la-mine-Arles-sur-Tech-768x576.jpg 768w, https://www.tourisme-haut-vallespir.com/agenda/wp-content/uploads/2025/09/Carreau-de-la-mine-Arles-sur-Tech-1536x1152.jpg 1536w, https://www.tourisme-haut-vallespir.com/agenda/wp-content/uploads/2025/09/Carreau-de-la-mine-Arles-sur-Tech-2048x1536.jpg 2048w" sizes="auto, (max-width: 300px) 100vw, 300px" /></p>
<p><strong>VISITE GUIDÉE   </strong></p>
<p><strong>« Le village, le patrimoine industriel et artisanal » </strong>(1h30 à 2h).</p>
<p>Le mardi à 15h. Départ de l’accueil de l’Abbaye « Le Palau ».</p>
<p>Sur Inscription (minimum 3 adultes). Visite Payante.</p>
<p>Renseignements 04 68 83 90 66</p>
<p><strong><a href="mailto:accueilabbaye@arles-sur-tech.fr">accueilabbaye@arles-sur-tech.fr</a></strong></p>

<p>VISITE GUIDÉE   « Le village, le patrimoine industriel et artisanal » (1h30 à 2h). Le mardi à 15h. Départ de l’accueil de l’Abbaye « Le Palau ». Sur Inscription (minimum 3 [&hellip;]</p>
